base 2, what is -10101111001001001010 + 101?
-10101111001001000101
In base 13, what is -352 + a0?
-282
In base 8, what is -31021 - 73?
-31114
In base 7, what is 41353 + 125?
41511
In base 8, what is 3570 - 420?
3150
In base 5, what is 4 + -420201?
-420142
In base 7, what is 25225450 - 0?
25225450
In base 10, what is 112 - -538?
650
In base 13, what is a + 5c1?
5cb
In base 2, what is 110 + 100000001111101010?
100000001111110000
In base 3, what is -101001201 + 210?
-101000221
In base 4, what is 1013 + 3011?
10030
In base 11, what is -1975 + 4?
-1971
In base 6, what is -15142024 + -3?
-15142031
In base 3, what is -10122111 + 110102?
-10012002
In base 5, what is 2 + 334320?
334322
In base 16, what is -7e + -16e?
-1ec
In base 6, what is 35104 + -1?
35103
In base 11, what is 2 + -2a6637?
-2a6635
In base 14, what is -60b5 + 30?
-6085
In base 13, what is -2717 + 3?
-2714
In base 13, what is -3649c - 5?
-364a4
In base 15, what is 4b8 - -57?
520
In base 6, what is -332003 + -212?
-332215
In base 16, what is 0 + 3bda9?
3bda9
In base 3, what is 0 - 220000110?
-220000110
In base 16, what is -b87 - -18?
-b6f
In base 15, what is -49 - 16a?
-1b4
In base 4, what is -13 - -10033111?
10033032
In base 10, what is 44 + -1061?
-1017
In base 8, what is -36 - -63?
25
In base 6, what is -1245 + -2353?
-4042
In base 3, what is 2021 - -100200101?
100202122
In base 7, what is 4626564 + 6?
4626603
In base 14, what is 3 - -6244c?
62451
In base 2, what is -1000101111110101 - -11?
-1000101111110010
In base 5, what is -10 + -110240043?
-110240103
In base 5, what is 41302022 - -12?
41302034
In base 9, what is -3107 + 0?
-3107
In base 16, what is -8fcc3 - -3?
-8fcc0
In base 3, what is 0 - 102212121?
-102212121
In base 13, what is 0 - -309c4?
309c4
In base 16, what is -20c - 2c?
-238
In base 2, what is -10 + 111000110011101010?
111000110011101000
In base 13, what is -56 + 251?
1c8
In base 7, what is 210100 - -4?
210104
In base 11, what is -21a - -10a?
-110
In base 9, what is 1080 - -137?
1227
In base 10, what is -9904 + -4?
-9908
In base 8, what is 652 - -117?
771
In base 10, what is -3333 - 20?
-3353
In base 15, what is 3dd + d?
3eb
In base 3, what is 2221112 - -202122?
10201011
In base 13, what is -5 - 7b30a?
-7b312
In base 6, what is -350 - 212?
-1002
In base 14, what is -981c3 - -2?
-981c1
In base 14, what is 8 - 10b198?
-10b190
In base 7, what is -20 + 24655?
24635
In base 5, what is 2031 + -300221?
-243140
In base 8, what is -31 + 1111?
1060
In base 10, what is -4550 - -79?
-4471
In base 16, what is -49 + -527?
-570
In base 5, what is 12231 - -220?
13001
In base 10, what is -241 - -22?
-219
In base 7, what is 3035465 - 5?
3035460
In base 14, what is -7c - 685?
-723
In base 12, what is -809a + -3?
-80a1
In base 12, what is -7 + -31b42?
-31b49
In base 6, what is 1421 + 35?
1500
In base 9, what is -1080226 - -4?
-1080222
In base 3, what is -220 + 2101100?
2100110
In base 11, what is -324747 + -4?
-324750
In base 9, what is 21 - -2160?
2181
In base 9, what is 6 - -8814?
8821
In base 11, what is -2a89 + 19?
-2a70
In base 13, what is -11 + -a31a?
-a32b
In base 9, what is -3 - 17087?
-17101
In base 16, what is 6 - 56a?
-564
In base 3, what is -1010 - -2122222?
2121212
In base 6, what is 25 + -551032?
-551003
In base 8, what is 104061 + 5?
104066
In base 15, what is -526b - 3d?
-52a9
In base 15, what is -12 - -137c8?
137b6
In base 2, what is -10001000001110 + -101?
-10001000010011
In base 11, what is 105715 + 4?
105719
In base 2, what is -101 + 1101010000010100101?
1101010000010100000
In base 13, what is 0 + -895b?
-895b
In base 15, what is -1ab1 + 57?
-1a59
In base 15, what is -8a386 + 5?
-8a381
In base 9, what is -2 - 7750?
-7752
In base 4, what is -20 + -1002320?
-1003000
In base 9, what is 10 - 24161?
-24151
In base 4, what is 322 + -102200?
-101212
In base 10, what is 723 - -898?
1621
In base 2, what is 10110110001000 - -101?
10110110001101
In base 5, what is 12042 - 344?
11143
In base 5, what is 110020 + 22?
110042
In base 10, what is -1170 + 33?
-1137
In base 15, what is -1 - 749?
-74a
In base 6, what is 10551 + -300?
10251
In base 10, what is 11 + 35250?
35261
In base 10, what is -64 + 882?
818
In base 11, what is 6090 - -8?
6098
In base 13, what is 6 + 2992?
2998
In base 5, what is -12120 - 14240?
-31410
In base 12, what is -6 + 7a3?
799
In base 9, what is 5 - -37403?
37408
In base 7, what is 1131326 - 2?
1131324
In base 9, what is -4 - -1123432?
1123427
In base 9, what is -4 - 24081?
-24085
In base 5, what is 323304 + -3?
323301
In base 8, what is -41317 - -53?
-41244
In base 16, what is 3 + a6b6?
a6b9
In base 4, what is -1222231313 + 0?
-1222231313
In base 5, what is -1421013 - 3?
-1421021
In base 6, what is 2 - -1115?
1121
In base 4, what is -1 + -220213?
-220220
In base 9, what is -222 - -606?
374
In base 6, what is 3 + 1200222?
1200225
In base 12, what is -2697 - a?
-26a5
In base 14, what is 1c - 128c?
-1270
In base 6, what is -40 + 23252?
23212
In base 14, what is 4 + -2705?
-2701
In base 7, what is -1131 - 2602?
-4033
In base 5, what is -22120 + -11000?
-33120
In base 14, what is -a91 + 2?
-a8d
In base 14, what is 65c2 + 3?
65c5
In base 7, what is -251 - 145143?
-145424
In base 11, what is 72 - -4736?
47a8
In base 6, what is 443 + 221?
1104
In base 11, what is 44 + 17892?
17926
In base 5, what is -4 - 33124044?
-33124103
In base 14, what is 228 - -2c?
256
In base 5, what is -10 - -323211043?
323211033
In base 2, what is -101 - 110001100000111011?
-110001100001000000
In base 13, what is -3a - b0a8?
-b115
In base 5, what is -113 + -20124?
-20242
In base 3, what is -2000021022 + -2?
-2000021101
In base 10, what is -3941 - 218?
-4159
In base 14, what is -3 + 31ac?
31a9
In base 2, what is -111010 + -10101001011010?
-10101010010100
In base 6, what is 0 + 105413?
105413
In base 2, what is 0 - 1110000000100111?
-1110000000100111
In base 11, what is 0 + 82a2?
82a2
In base 7, what is -21356 + 15?
-21341
In base 5, what is -4300201 - 2?
-4300203
In base 11, what is -13000 + 5?
-12aa6
In base 9, what is 274362 + -1?
274361
In base 14, what is 5 - 236a7?
-236a2
In base 6, what is -5 + 2154301?
2154252
In base 6, what is 0 + 355045?
355045
In base 12, what is 3625 - 90?
3555
In base 3, what is 2000121 + 12002011?
21002202
In base 3, what is -2 + -12121111210?
-12121111212
In base 11, what is 7031 + -18?
7014
In base 16, what is -5 - -1159?
1154
In base 7, what is 15 + -100106?
-100061
In base 2, what is -1000001000100110 + 1001101?
-1000000111011001
In base 2, what is 11 - 11100010011100?
-11100010011001
In base 14, what is -12 - -846d?
845b
In base 5, what is -12144413 + 4?
-12144404
In base 5, what is 32202102 - 4?
32202043
In base 2, what is -110011111001000101 + -1?
-110011111001000110
In base 3, what is -121212200 - 102?
-121220002
In base 11, what is 5 + -8aa96?
-8aa91
In base 6, what is -205 - 55553?
-100202
In base 4, what is -3 - -12210000?
12203331
In base 16, what is -26 - -21b10?
21aea
In base 15, what is 14d43 + -1?
14d42
In base 4, what is -231123 - 10003?
-301132
In base 7, what is -12105 - 11?
-12116
In base 5, what is 1430222 + -4?
1430213
In base 11, what is 7424 - -1?
7425
In base 15, what is -55 + -3b5?
-41a
In base 13, what is 2 - 64405?
-64403
In base 2, what is -10101110101100000110 + -10?
-10101110101100001000
In base 13, what is -530 - 1a?
-54a
In base 3, what is -11122210 + 101?
-11122102
In base 7, what is -116404 + 4?
-116400
In base 10, what is 61 - 8629?
-8568
In base 9, what is 355104 - 15?
355078
In base 16, what is 2a - -9722?
974c
In base 7, what is 5 - 231352?
-231344
In base 12, what is -316a44 + 5?
-316a3b
In base 9, what is -15123 + 32?
-15081
In base 15, what is -1c0 - -5e02?
5c32
In base 8, what is 2 - 50340?
-50336
In base 7, what is -31034 + 61?
-30643
In base 2, what is 111 - -100110000001100001?
100110000001101000
In base 7, what is -340 - 145?
-515
In base 7, what is -6244 - -21?
-6223
In base 6, what is -1134403 - 1?
-1134404
In base 12, what is -1 + -40ba?
-40bb
In base 13, what is 0 + 10732c?
10732c
In base 7, what is -4 + -65426?
-65433
In base 4, what is 212 + -322003?
-321131
In base 2, what is -100001010100000100 + 1001?
-100001010011111011
In base 6, what is 3 - 12310?
-12303
In base 2, what is 100000111101010001 - 1?
100